n factor of 1561 and 287.
7
Calculate the greatest common factor of 118965 and 660.
165
What is the highest common divisor of 1825 and 20?
5
Calculate the greatest common factor of 75460 and 1155.
385
What is the greatest common divisor of 9090 and 1080?
90
Calculate the highest common factor of 339808 and 56.
56
Calculate the greatest common divisor of 1060 and 86708.
212
Calculate the greatest common factor of 254898 and 2646.
882
Calculate the greatest common divisor of 1664 and 976.
16
What is the greatest common factor of 71939 and 903?
301
Calculate the greatest common divisor of 68796 and 1568.
196
What is the highest common factor of 2346 and 103938?
102
Calculate the greatest common factor of 32548 and 618.
206
Calculate the greatest common divisor of 444163 and 1843.
1843
Calculate the highest common factor of 5950 and 27650.
350
What is the greatest common divisor of 294 and 9076074?
294
Calculate the highest common factor of 112940 and 20.
20
Calculate the highest common factor of 16 and 1914128.
16
What is the greatest common divisor of 74 and 25715?
37
Calculate the highest common factor of 3312327 and 57.
57
Calculate the highest common divisor of 845 and 255060.
65
Calculate the greatest common divisor of 520 and 288808.
104
What is the highest common divisor of 1365 and 1271361?
273
Calculate the highest common factor of 168900 and 300.
300
What is the greatest common divisor of 1142760 and 120?
120
Calculate the greatest common factor of 173767 and 33.
11
What is the highest common divisor of 108544 and 424?
424
What is the highest common divisor of 386018 and 2?
2
What is the highest common divisor of 418 and 1648801?
209
Calculate the greatest common factor of 934815 and 2175.
435
Calculate the highest common factor of 69882 and 171.
57
Calculate the greatest common divisor of 456 and 53688.
24
Calculate the greatest common divisor of 48 and 90784.
16
What is the greatest common divisor of 830 and 100?
10
Calculate the greatest common factor of 138651 and 28221.
1227
Calculate the highest common divisor of 17 and 757.
1
What is the highest common divisor of 89394 and 1410?
282
What is the greatest common divisor of 254416 and 200?
8
Calculate the greatest common divisor of 563917 and 185.
37
Calculate the greatest common divisor of 1932 and 36.
12
Calculate the greatest common factor of 306 and 189414.
306
Calculate the highest common factor of 6216 and 5624.
296
Calculate the greatest common factor of 4144 and 1400.
56
What is the greatest common divisor of 254 and 564007?
127
What is the highest common divisor of 1056 and 133716?
132
What is the highest common factor of 5260 and 820?
20
What is the highest common divisor of 21192 and 780?
12
Calculate the greatest common factor of 1647 and 29829.
183
Calculate the greatest common factor of 115 and 108560.
115
Calculate the highest common divisor of 19088 and 20281.
1193
Calculate the greatest common factor of 7720 and 160.
40
Calculate the highest common divisor of 24 and 113412.
12
Calculate the greatest common divisor of 3054199 and 1.
1
What is the highest common divisor of 10718 and 14213?
233
Calculate the greatest common divisor of 363 and 288651.
33
Calculate the greatest common factor of 17757 and 405.
9
Calculate the greatest common divisor of 24203 and 3.
1
What is the greatest common factor of 63728 and 24?
8
What is the highest common factor of 1653 and 112632?
57
Calculate the highest common divisor of 2790 and 1520.
10
What is the highest common factor of 128 and 76928?
128
What is the highest common factor of 51831 and 78?
39
Calculate the highest common divisor of 405 and 40365.
135
Calculate the highest common factor of 760 and 424.
8
What is the greatest common factor of 15045 and 2040?
255
Calculate the greatest common factor of 588 and 101748.
12
What is the greatest common divisor of 1407 and 18963?
21
What is the highest common divisor of 2829 and 20664?
123
Calculate the greatest common factor of 56188 and 44.
44
Calculate the greatest common divisor of 61 and 101016.
61
What is the greatest common divisor of 2700 and 1105020?
180
What is the greatest common factor of 275355 and 290?
145
Calculate the greatest common factor of 2091 and 98769.
123
Calculate the highest common divisor of 78 and 259857.
39
Calculate the greatest common divisor of 34125 and 25.
25
Calculate the greatest common factor of 12 and 28695.
3
Calculate the highest common factor of 3850868 and 28.
28
Calculate the highest common factor of 6793556 and 56.
28
What is the greatest common factor of 770 and 291500?
110
What is the highest common divisor of 27366 and 96?
6
What is the highest common divisor of 849 and 38771?
283
What is the highest common divisor of 676 and 526942?
338
What is the highest common factor of 33444 and 54?
18
Calculate the highest common factor of 84 and 50856.
12
Calculate the highest common factor of 26703 and 216.
27
Calculate the greatest common factor of 3150 and 5825.
25
Calculate the highest common divisor of 1330 and 945.
35
Calculate the highest common factor of 146 and 1114199.
73
Calculate the highest common factor of 95326 and 616.
154
What is the greatest common factor of 1810441 and 29?
29
What is the greatest common divisor of 505598 and 146?
146
Calculate the greatest common factor of 55887 and 2301.
39
Calculate the greatest common factor of 65377 and 156.
13
What is the highest common factor of 2450 and 23422?
98
What is the greatest common divisor of 1326 and 23834?
34
Calculate the greatest common factor of 320 and 376600.
40
What is the greatest common factor of 275 and 188430?
55
Calculate the highest common factor of 56287 and 86.
43
What is the greatest common divisor of 64 and 39832?
8
What is the greatest common factor of 13500 and 260?
20
Calculate the highest common divisor of 318240 and 260.
260
Calculate the greatest common divisor of 294 and 18606.
42
Calculate the greatest common divisor of 34133 and 321.
107
What is the greatest common factor of 24375 and 390?
195
Calculate the greatest common divisor of 112 and 7184.
16
Calculate the greatest common factor of 3 and 33339.
3
Calculate the highest common divisor of 10870125 and 303.
303
What is the highest common factor of 7368 and 408?
24
What is the highest common divisor of 900 and 3339900?
900
What is the greatest common divisor of 2360614 and 344?
86
Calculate the greatest common factor of 651 and 467859.
21
What is the highest common divisor of 199940 and 80?
20
Calculate the greatest common divisor of 532 and 154052.
76
Calculate the greatest common divisor of 380412 and 18.
18
What is the greatest common factor of 463302 and 70?
14
Calculate the greatest common divisor of 108149 and 83.
83
Calculate the highest common divisor of 8965 and 935.
55
What is the highest common factor of 3969 and 4077?
27
Calculate the greatest common divisor of 122046 and 33.
3
Calculate the highest common divisor of 41019 and 484.
121
What is the highest common divisor of 81320 and 107?
107
What is the highest common divisor of 2690 and 7970?
10
Calculate the highest common factor of 618664 and 51.
17
What is the highest common factor of 22 and 4378?
22
Calculate the greatest common divisor of 88 and 46244.
44
Calculate the highest common factor of 39064 and 1216.
152
What is the greatest common divisor of 33412 and 24?
4
Calculate the greatest common divisor of 15 and 505035.
15
Calculate the highest common factor of 14082350 and 25.
25
What is the highest common divisor of 77371 and 49?
49
Calculate the greatest common factor of 726972 and 580.
116
Calculate the greatest common factor of 242 and 116.
2
Calculate the greatest common divisor of 441 and 23520.
147
Calculate the highest common factor of 36 and 203472.
36
What is the highest common divisor of 11058 and 2184?
6
What is the highest common divisor of 134576 and 16?
16
What is the highest common factor of 87580 and 67195?
755
Calculate the greatest common factor of 7616 and 114376.
136
Calculate the highest common divisor of 555748 and 12.
4
What is the greatest common factor of 15 and 29185?
5
Calculate the greatest common divisor of 424457 and 1551.
517
Calculate the highest common factor of 7 and 12557.
1
What is the 